{"id":3598,"date":"2020-06-12T14:35:40","date_gmt":"2020-06-12T14:35:40","guid":{"rendered":"https:\/\/editura-doinacornea.ro\/?page_id=3598"},"modified":"2020-06-30T13:55:12","modified_gmt":"2020-06-30T13:55:12","slug":"sustine-candidatura-doamnei-ana-blandiana-la-premiul-nobel-pentru-literatura-pe-anul-2020-eng","status":"publish","type":"page","link":"https:\/\/editura-doinacornea.ro\/index.php\/sustine-candidatura-doamnei-ana-blandiana-la-premiul-nobel-pentru-literatura-pe-anul-2020-eng\/","title":{"rendered":"Sus\u0163ine candidatura doamnei Ana Blandiana la Premiul Nobel pentru literatur\u0103 pe anul 2020 &#8211; ENG"},"content":{"rendered":"<p><\/p>\n\n<!--themify_builder_content-->\n<div id=\"themify_builder_content-3598\" data-postid=\"3598\" class=\"themify_builder_content themify_builder_content-3598 themify_builder tf_clear\">\n    \t<!-- module_row -->\n\t<div  data-css_id=\"0keu473\" data-lazy=\"1\" class=\"module_row themify_builder_row fullwidth tb_0keu473 tb_first tf_clearfix\" >\n\t    \t\t<div class=\"row_inner col_align_top gutter-none col-count-1 tf_box tf_w tf_rel\"  data-basecol=\"1\" data-col_tablet=\"column-full\">\n\t\t\t<div  data-lazy=\"1\" class=\"module_column tb-column col-full first tb_tgqm473 tf_box\">\n\t\t\t    \t        <div class=\"tb-column-inner tf_box tf_w\">\n\t\t    \t<div  data-lazy=\"1\" class=\"module_subrow themify_builder_sub_row repeat tb_e09p474 tf_w tf_clearfix\">\n\t    \t\t<div class=\"subrow_inner col_align_top gutter-none col-count-1 tf_box tf_w\">\n\t\t\t<div  data-lazy=\"1\" class=\"sub_column module_column tf_box col-full first tb_kj26474 repeat\" > \n\t    \t    \t        <div class=\"tb-column-inner tf_box tf_w\">\n\t\t    <!-- module image -->\n<div  class=\"module module-image tb_s93q273   image-overlay tf_mw\" data-lazy=\"1\">\n        <div class=\"image-wrap tf_rel tf_mw\">\n\t\t    <img loading=\"lazy\" width=\"2667\" height=\"834\" src=\"https:\/\/editura-doinacornea.ro\/wp-content\/uploads\/2020\/05\/Banner-Ana-Blandiana-2.png\" class=\"wp-post-image wp-image-3545\" title=\"Banner Ana Blandiana\" alt=\"Banner Ana Blandiana\" srcset=\"https:\/\/editura-doinacornea.ro\/wp-content\/uploads\/2020\/05\/Banner-Ana-Blandiana-2.png 2667w, https:\/\/editura-doinacornea.ro\/wp-content\/uploads\/2020\/05\/Banner-Ana-Blandiana-2-300x94.png 300w, https:\/\/editura-doinacornea.ro\/wp-content\/uploads\/2020\/05\/Banner-Ana-Blandiana-2-1024x320.png 1024w, https:\/\/editura-doinacornea.ro\/wp-content\/uploads\/2020\/05\/Banner-Ana-Blandiana-2-768x240.png 768w, https:\/\/editura-doinacornea.ro\/wp-content\/uploads\/2020\/05\/Banner-Ana-Blandiana-2-1536x480.png 1536w, https:\/\/editura-doinacornea.ro\/wp-content\/uploads\/2020\/05\/Banner-Ana-Blandiana-2-2048x640.png 2048w, https:\/\/editura-doinacornea.ro\/wp-content\/uploads\/2020\/05\/Banner-Ana-Blandiana-2-600x188.png 600w\" sizes=\"(max-width: 2667px) 100vw, 2667px\" \/>\t\n\t\n    \t\t\t<\/div>\n\t\t<!-- \/image-wrap -->\n\t<\/div>\n<!-- \/module image -->\t        <\/div>\n\t    \t<\/div>\n\t\t    <\/div>\n\t<\/div><!-- \/themify_builder_sub_row -->\n\t\t        <\/div>\n\t    \t<\/div>\n\t\t    <\/div>\n\t    <!-- \/row_inner -->\n\t<\/div>\n\t<!-- \/module_row -->\n\t\t<!-- module_row -->\n\t<div  data-lazy=\"1\" class=\"module_row themify_builder_row tb_cwmz713 tf_clearfix\" >\n\t    \t\t<div class=\"row_inner col_align_top col-count-1 tf_box tf_w tf_rel\">\n\t\t\t<div  data-lazy=\"1\" class=\"module_column tb-column col-full first tb_q0yf713 tf_box\">\n\t\t\t    \t        <div class=\"tb-column-inner tf_box tf_w\">\n\t\t    <!-- module buttons -->\n<div  class=\"module module-buttons tb_sgzf780 buttons-horizontal outline  circle tf_textc\" data-lazy=\"1\">\n    \t<div class=\"module-buttons-item tf_inline_b\">\n\t\t\t\t\t\t\t<a href=\"https:\/\/editura-doinacornea.ro\/index.php\/formular-sustinere\/\" class=\"ui builder_button black\" >\n\t\t\t\t\t\t\t\t\t\t\t<span class=\"tf_inline_b tf_vmiddle\">Semneaz\u0103 \u0219i tu!<\/span>\n\t\t\t\t\t\t\t\t\t\t\t<\/a>\n\t\t\t    \t<\/div>\n\t<\/div>\n<!-- \/module buttons -->\n\t        <\/div>\n\t    \t<\/div>\n\t\t    <\/div>\n\t    <!-- \/row_inner -->\n\t<\/div>\n\t<!-- \/module_row -->\n\t<\/div>\n<!--\/themify_builder_content-->\n\n\n<hr class=\"wp-block-separator\"\/>\n\n\n\n<h2 class=\"has-text-align-center\">Call<\/h2>\n\n\n\n<p>&nbsp;&nbsp;&nbsp;&nbsp;&nbsp;&nbsp;&nbsp;&nbsp;Because Romania still has people of worth \u200b\u200band because these people must be respected and known &#8211; both within the borders and abroad &#8211; the &#8220;Doina Cornea&#8221; Foundation, together with other prominent Romanian personalities from literary and cultural life, at the initiative of Mr. Gabriel Cojocaru, proposes and supports the candidacy of Mrs. Ana Blandiana for the Nobel Prize for Literature for 2021.<\/p>\n\n\n\n<p>&nbsp;&nbsp;&nbsp;&nbsp;&nbsp;&nbsp;&nbsp;&nbsp;Overcoming the allergy of tiny groups of people that act behind the scenes for their own interest (often of a political nature) to everything that exceeds their value, our initiative wants to restore the true values \u200b\u200b- with great international visibility in contemporary world literature &#8211; and through this to do an extremely necessary act of justice.<\/p>\n\n\n\n<p><strong>&nbsp;&nbsp;&nbsp;&nbsp;&nbsp;&nbsp;&nbsp;&nbsp;<\/strong>We invite you to join this call by signing this petition &#8211; whether you are an individual, an institution, organization or company &#8211; taking into account the reasons and arguments listed below that stand behind this call.<\/p>\n\n\n\n<p>&nbsp;&nbsp;&nbsp;&nbsp;&nbsp;&nbsp;&nbsp;&nbsp;In the broadest sense of the word, this action can become a country project, with its vision shared shared by those who still love Romanian culture and Romania as a whole.<\/p>\n\n\n\n<p><strong>&nbsp;&nbsp;&nbsp;&nbsp;&nbsp;&nbsp;&nbsp;&nbsp;<\/strong>Ana BLANDIANA (her suggestive literary name) or &#8211; Otilia-Valeria Rusan, born Coman, saw the light of day in Timi\u0219oara on March 25, 1942. She is the daughter of the priest Gheorghe Coman and Otilia Coman, born Diacu. She was married to Romulus Rusan. She graduated the Faculty of Philology of Babe\u015f Bolyai University of Cluj in 1967. She has received several scholarships from: Iowa University, USA. (1973-1974); Heidelberg Universit\u00e4t (1991) and D.A.A.D., Berlin (1993).<\/p>\n\n\n\n<p>Over the years, she has been:<\/p>\n\n\n\n<ul><li>The editor of the &#8220;Amphitheater&#8221; Magazine (1967-1974);<\/li><li>A librarian at the Library of the Institute of Fine Arts Bucharest (1975-1977);<\/li><li>A member of the Council of the National Salvation Front (December 22, 1989 &#8211; January 29, 1990, when he resigned from this body that became political);<\/li><li>President of the Romanian PEN Club (1990-2004) which she re-established in March 1990;<\/li><li>Honorary president of the Romanian PEN Club (since 2004).<\/li><\/ul>\n\n\n\n<p>As President of PEN Romania she has:<\/p>\n\n\n\n<ul><li>participated in International PEN Conferences and Congresses in Vienna (1990), Paris (1991), Santiago Pe Compostela (1992), Prague (1994), Guadalajara, Mexico (1996), Edinburgh (1997), Warsaw (1999) , Moscow (2000), Ohrid (2002);<\/li><li>Organized four international-regional conferences in Romania: &#8220;The Writer and the Power&#8221; &#8211; Neptune, September 1997; &#8220;Between physical and spiritual freedom&#8221;, Sighet, June 1998; &#8220;More literatures, one language, several languages, one literature&#8221;, Ia\u0219i, April 2000; &#8220;European PEN Clubs, Arguments of the Future United Europe&#8221;, Sinaia, July 2001.<\/li><\/ul>\n\n\n\n<p><strong>Prohibitions<\/strong><\/p>\n\n\n\n<p>&nbsp;&nbsp;&nbsp;&nbsp;&nbsp;&nbsp;&nbsp;&nbsp;After her literary debut in the Tribuna magazine (1959), Ana Blandiana was subjected to three publication bans:<\/p>\n\n\n\n<ul><li>1959-1964, as the daughter of a former political prisoner;<\/li><li>1985, for the publication of four poems in the magazine Amphitheater. After the ban, the poems were spread by hand, this being one of the first cases of Romanian samizdat;<\/li><li>1988-1989, for the publication of a parody against the dictator Nicolae Ceau\u0219escu in the form of a children\u2019s poem.<\/li><\/ul>\n\n\n\n<p><strong>International activity<\/strong><\/p>\n\n\n\n<p>&nbsp;&nbsp;&nbsp;&nbsp;&nbsp;&nbsp;&nbsp;&nbsp;As a guest of various universities, academies and cultural organizations she has taken many documentary and study trips to various European countries holding public readings and conferences &#8211; participating in meetings, congresses and poetry festivals.<\/p>\n\n\n\n<p>&nbsp;&nbsp;&nbsp;&nbsp;&nbsp;&nbsp;&nbsp;&nbsp;Throughout her career she has published around forty titles of poetry, prose, essays and children&#8217;s literature.<\/p>\n\n\n\n<p>&nbsp;&nbsp;&nbsp;&nbsp;    Ana Blandiana&#8217;s literary work has been translated into 25 foreign languages \u200b\u200b- Albanian, Bulgarian, Catalan, Chinese, Korean, Hebrew, English, Estonian, French, German, Italian, Latvian, Macedonian, Hungarian, Norwegian, Dutch, Polish, Portuguese, Quechua (Peruvian), Russian, Serbian, Slovenian, Spanish, Swedish and Vietnamese.<\/p>\n\n\n\n<p>Between 1969-2020 her work won important national and international awards:<\/p>\n\n\n\n<p>1969 &#8211; Premiul de poezie al Uniunii Scriitorilor; 1970 &#8211; Premiul de poezie al Academiei Rom\u00e2ne; 1980 &#8211; 1969 &#8211; Poetry Prize of the Writers&#8217; Union; 1970 &#8211; Poetry Prize of the Romanian Academy; 1980 &#8211; Children&#8217;s Literature Prize of the Writers&#8217; Union; 1982 &#8211; Herder International Prize, Vienna; 1980 &#8211; Prize for prose of the Writers&#8217; Association of Bucharest; 1997 &#8211; \u201cMihai Eminescu\u201d National Poetry Prize; 2000 &#8211; Poetry Prize of the Writers&#8217; Union; 2002 &#8211; Vilenica International Prize, Slovenia; 2002 &#8211; Opera Omnia Award of the Romanian Writers&#8217; Union; 2005 &#8211; Giuseppe Acerbi International Prize for Poetry, Italy; 2005 &#8211; Camaiore International Poetry Prize, Italy; 2007 &#8211; International Poetry Prize of the city of Aquila, Italy; 2007 &#8211; Grand Prize of the Lucian Blaga International Festival, XXVII Edition; 2014 &#8211; Cultural Observatory Magazine Award for Memorialistics; 2014 &#8211; Opera Omnia Award granted by Convorbiri Literare Magazine, 18th Edition, Ia\u0219i; 2016 &#8211; Distinction and Prize &#8220;European Poet of Freedom&#8221;, Gda\u0144sk; 2016 &#8211; Grand Fest Fest Award, Cluj Napoca; 2017 &#8211; \u201eGheorghe Cr\u0103ciun\u201c Award for Opera Omnia awarded by Observator Cultural Magazine; 2018 &#8211; Griffin Lifetime Recongnition Award, Toronto; 2019 &#8211; Golden Wreath, Struga; 2019 &#8211; Jan Smrek Award, Bratislava; 2019 &#8211; Lucian Blaga National Award; 2020 &#8211; International Prize Fondazione Terzo Pilastro, Rome.<\/p>\n\n\n\n<p><strong>In conclusion, please contribute to this project by:<\/strong><\/p>\n\n\n\n<ul><li>Joining the Ana Blandiana supporters by signing the table on the Doina Cornea foundation website (see below);<\/li><li>Sending your signature, accompanied (or not) by a small text in support of the candidacy of Ms Ana Blandiana, to the Swedish Academy and the Nobel Prize Committee, to the Doina Cornea Foundation:<\/li><\/ul>\n\n\n\n<p class=\"has-text-align-center\"><strong>Strada Alba Iulia nr. 16<br>400197 Cluj,&nbsp;<br>Romania.<\/strong><\/p>\n\n\n\n<p>&nbsp;&nbsp;&nbsp;&nbsp;&nbsp;&nbsp;&nbsp;&nbsp;A selection of your texts will be published on the foundation&#8217;s website and all the texts and the list of signatures will accompany the material through which our proposal will be made to the Nobel Committee.<br>Of course your personal data (address, email address) will not be made public.<\/p>\n\n\n\n<ul><li>In order to stay up to date with the progress, visit the foundation&#8217;s website periodically or like our Facebook page: <a href=\"https:\/\/www.facebook.com\/fundatia.doinacornea\/\">here!<\/a><\/li><li>It is also very important to broadcast this call through all the channels you have access to.<\/li><\/ul>\n\n\n\n<p><strong>Cluj, 27th of May 2020<\/strong><\/p>\n\n\n\n<p><strong>Leontin Hora\u021biu Iuhas<\/strong> <br>for<br><strong>Doina Cornea Fondation<\/strong><\/p>\n\n\n\n<p class=\"has-text-align-center\"><strong>Un proiect su\u021binut:<\/strong><\/p>\n\n\n\n<div class=\"wp-block-image\"><figure class=\"aligncenter size-full is-resized\"><a href=\"https:\/\/www.iordachescu-law.ro\"><img loading=\"lazy\" src=\"https:\/\/editura-doinacornea.ro\/wp-content\/uploads\/2019\/11\/Logo-Iordachescu.jpg\" alt=\"\" class=\"wp-image-117\" width=\"288\" height=\"95\" srcset=\"https:\/\/editura-doinacornea.ro\/wp-content\/uploads\/2019\/11\/Logo-Iordachescu.jpg 2009w, https:\/\/editura-doinacornea.ro\/wp-content\/uploads\/2019\/11\/Logo-Iordachescu-1024x340-300x99.jpg 300w, https:\/\/editura-doinacornea.ro\/wp-content\/uploads\/2019\/11\/Logo-Iordachescu-768x255.jpg 768w, https:\/\/editura-doinacornea.ro\/wp-content\/uploads\/2019\/11\/Logo-Iordachescu-1024x340.jpg 1024w, https:\/\/editura-doinacornea.ro\/wp-content\/uploads\/2019\/11\/Logo-Iordachescu-600x200.jpg 600w, https:\/\/editura-doinacornea.ro\/wp-content\/uploads\/2019\/11\/Logo-Iordachescu-1024x340-350x116.jpg 350w\" sizes=\"(max-width: 288px) 100vw, 288px\" \/><\/a><\/figure><\/div>\n\n\n\n<div class=\"wp-block-image\"><figure class=\"aligncenter size-large is-resized\"><a href=\"https:\/\/www.bancatransilvania.ro\" target=\"_blank\" rel=\"noopener noreferrer\"><img loading=\"lazy\" src=\"https:\/\/editura-doinacornea.ro\/wp-content\/uploads\/2020\/06\/BT_Logo_Aliniat-Central_Color_Pantone-dragged-1024x190.png\" alt=\"\" class=\"wp-image-3609\" width=\"507\" height=\"94\" srcset=\"https:\/\/editura-doinacornea.ro\/wp-content\/uploads\/2020\/06\/BT_Logo_Aliniat-Central_Color_Pantone-dragged-1024x190.png 1024w, https:\/\/editura-doinacornea.ro\/wp-content\/uploads\/2020\/06\/BT_Logo_Aliniat-Central_Color_Pantone-dragged-300x56.png 300w, https:\/\/editura-doinacornea.ro\/wp-content\/uploads\/2020\/06\/BT_Logo_Aliniat-Central_Color_Pantone-dragged-768x142.png 768w, https:\/\/editura-doinacornea.ro\/wp-content\/uploads\/2020\/06\/BT_Logo_Aliniat-Central_Color_Pantone-dragged-1536x285.png 1536w, https:\/\/editura-doinacornea.ro\/wp-content\/uploads\/2020\/06\/BT_Logo_Aliniat-Central_Color_Pantone-dragged-2048x379.png 2048w, https:\/\/editura-doinacornea.ro\/wp-content\/uploads\/2020\/06\/BT_Logo_Aliniat-Central_Color_Pantone-dragged-600x111.png 600w\" sizes=\"(max-width: 507px) 100vw, 507px\" \/><\/a><\/figure><\/div>\n\n\n\n<div class=\"wp-block-image\"><figure class=\"aligncenter size-large is-resized\"><a href=\"https:\/\/www.artmark.ro\/ro\" target=\"_blank\" rel=\"noopener noreferrer\"><img loading=\"lazy\" src=\"https:\/\/editura-doinacornea.ro\/wp-content\/uploads\/2020\/06\/logo-artmarkt-1024x646.png\" alt=\"\" class=\"wp-image-3610\" width=\"156\" height=\"98\" srcset=\"https:\/\/editura-doinacornea.ro\/wp-content\/uploads\/2020\/06\/logo-artmarkt-1024x646.png 1024w, https:\/\/editura-doinacornea.ro\/wp-content\/uploads\/2020\/06\/logo-artmarkt-300x189.png 300w, https:\/\/editura-doinacornea.ro\/wp-content\/uploads\/2020\/06\/logo-artmarkt-768x485.png 768w, https:\/\/editura-doinacornea.ro\/wp-content\/uploads\/2020\/06\/logo-artmarkt-600x379.png 600w, https:\/\/editura-doinacornea.ro\/wp-content\/uploads\/2020\/06\/logo-artmarkt.png 1052w\" sizes=\"(max-width: 156px) 100vw, 156px\" \/><\/a><\/figure><\/div>\n\n\n\n<p><\/p>\n\n\n\n<hr class=\"wp-block-separator\"\/>\n\n\n\n<h4 class=\"has-text-align-center\">Completeaz\u0103 formularul \u0219i \u0219us\u0163ine candidatura doamnei<br>Ana Blandiana la Premiul Nobel pentru Literatur\u0103 2021:<\/h4>\n\n\n<div class=\"wpforms-container wpforms-container-full\" id=\"wpforms-3437\"><form id=\"wpforms-form-3437\" class=\"wpforms-validate wpforms-form\" data-formid=\"3437\" method=\"post\" enctype=\"multipart\/form-data\" action=\"\/index.php\/wp-json\/wp\/v2\/pages\/3598\"><noscript class=\"wpforms-error-noscript\">Please enable JavaScript in your browser to complete this form.<\/noscript><div class=\"wpforms-field-container\"><div id=\"wpforms-3437-field_6-container\" class=\"wpforms-field wpforms-field-checkbox\" data-field-id=\"6\"><label class=\"wpforms-field-label\" for=\"wpforms-3437-field_6\">Acord <span class=\"wpforms-required-label\">*<\/span><\/label><ul id=\"wpforms-3437-field_6\" class=\"wpforms-field-required\"><li class=\"choice-1 depth-1\"><input type=\"checkbox\" id=\"wpforms-3437-field_6_1\" name=\"wpforms[fields][6][]\" value=\"Trimi\u0163\u00e2nd acest formular \u00eemi exprim acordul deplin \u015fi m\u0103 asociez ac\u0163iunii Funda\u0163iei Doina Cornea de a o propune pe Ana Blandiana \u2013 candidat la Premiul Nobel pentru Literatur\u0103 pe anul 2021\" required ><label class=\"wpforms-field-label-inline\" for=\"wpforms-3437-field_6_1\">Trimi\u0163\u00e2nd acest formular \u00eemi exprim acordul deplin \u015fi m\u0103 asociez ac\u0163iunii Funda\u0163iei Doina Cornea de a o propune pe Ana Blandiana \u2013 candidat la Premiul Nobel pentru Literatur\u0103 pe anul 2021<\/label><\/li><\/ul><\/div><div id=\"wpforms-3437-field_0-container\" class=\"wpforms-field wpforms-field-name\" data-field-id=\"0\"><label class=\"wpforms-field-label\" for=\"wpforms-3437-field_0\">Prenume \u0219i Nume <span class=\"wpforms-required-label\">*<\/span><\/label><input type=\"text\" id=\"wpforms-3437-field_0\" class=\"wpforms-field-medium wpforms-field-required\" name=\"wpforms[fields][0]\" required><\/div><div id=\"wpforms-3437-field_3-container\" class=\"wpforms-field wpforms-field-name\" data-field-id=\"3\"><label class=\"wpforms-field-label\" for=\"wpforms-3437-field_3\">Persoan\u0103 juridic\u0103 \/ CUI (pentru firme \/ asocia\u021bii)<\/label><input type=\"text\" id=\"wpforms-3437-field_3\" class=\"wpforms-field-medium\" name=\"wpforms[fields][3]\" ><\/div><div id=\"wpforms-3437-field_4-container\" class=\"wpforms-field wpforms-field-name\" data-field-id=\"4\"><label class=\"wpforms-field-label\" for=\"wpforms-3437-field_4\">Adresa po\u0219tal\u0103 (nu se va publica) <span class=\"wpforms-required-label\">*<\/span><\/label><input type=\"text\" id=\"wpforms-3437-field_4\" class=\"wpforms-field-medium wpforms-field-required\" name=\"wpforms[fields][4]\" required><\/div><div id=\"wpforms-3437-field_1-container\" class=\"wpforms-field wpforms-field-email\" data-field-id=\"1\"><label class=\"wpforms-field-label\" for=\"wpforms-3437-field_1\">Email <span class=\"wpforms-required-label\">*<\/span><\/label><input type=\"email\" id=\"wpforms-3437-field_1\" class=\"wpforms-field-medium wpforms-field-required\" name=\"wpforms[fields][1]\" required><\/div><div id=\"wpforms-3437-field_2-container\" class=\"wpforms-field wpforms-field-textarea\" data-field-id=\"2\"><label class=\"wpforms-field-label\" for=\"wpforms-3437-field_2\">Un mesaj de su\u021binere pentru Ana Blandiana<\/label><textarea id=\"wpforms-3437-field_2\" class=\"wpforms-field-medium\" name=\"wpforms[fields][2]\" ><\/textarea><\/div><div id=\"wpforms-3437-field_8-container\" class=\"wpforms-field wpforms-field-checkbox\" data-field-id=\"8\"><label class=\"wpforms-field-label\" for=\"wpforms-3437-field_8\">GDPR <span class=\"wpforms-required-label\">*<\/span><\/label><ul id=\"wpforms-3437-field_8\" class=\"wpforms-field-required\"><li class=\"choice-1 depth-1\"><input type=\"checkbox\" id=\"wpforms-3437-field_8_1\" name=\"wpforms[fields][8][]\" value=\"\u00cen contextul legislativ existent (GDPR) \u00eemi exprim acordul ca datele personale pe care le voi oferi s\u0103 fie gestionate \u0219i prelucrate de c\u0103tre Funda\u021bia Doina Cornea pentru sus\u021binerea doamnei Ana Blandiana pentru Premiul Nobel pentru Literatur\u0103 2021.\" required ><label class=\"wpforms-field-label-inline\" for=\"wpforms-3437-field_8_1\">\u00cen contextul legislativ existent (GDPR) \u00eemi exprim acordul ca datele personale pe care le voi oferi s\u0103 fie gestionate \u0219i prelucrate de c\u0103tre Funda\u021bia Doina Cornea pentru sus\u021binerea doamnei Ana Blandiana pentru Premiul Nobel pentru Literatur\u0103 2021.<\/label><\/li><\/ul><\/div><\/div><div class=\"wpforms-field wpforms-field-hp\"><label for=\"wpforms-3437-field-hp\" class=\"wpforms-field-label\">Phone<\/label><input type=\"text\" name=\"wpforms[hp]\" id=\"wpforms-3437-field-hp\" class=\"wpforms-field-medium\"><\/div><div class=\"wpforms-submit-container\" ><input type=\"hidden\" name=\"wpforms[id]\" value=\"3437\"><input type=\"hidden\" name=\"wpforms[author]\" value=\"1\"><button type=\"submit\" name=\"wpforms[submit]\" class=\"wpforms-submit \" id=\"wpforms-submit-3437\" value=\"wpforms-submit\" aria-live=\"assertive\" data-alt-text=\"Se trimite...\" data-submit-text=\"Trimite\">Trimite<\/button><\/div><\/form><\/div>  <!-- .wpforms-container -->\n\n\n<p>Ap\u0103sa\u021bi butonul <strong>Trimite<\/strong> pentru a finaliza \u00eenregistrarea semn\u0103turii dumneavoastr\u0103. \u00cen cazul \u00een care datele au fost corect introduse ve\u021bi primi un mesaj de confirmare pe adresa dumneavoastr\u0103 de email. \u00cen cazul \u00een care nu primi\u021bi \u00een c\u00e2teva minute mesajul, v\u0103 rug\u0103m s\u0103 reintroduce\u021bi corect datele sau s\u0103 ne trimite\u021bi un mesaj la adresa contact@fundatia-doinacornea.ro.<\/p>","protected":false},"excerpt":{"rendered":"<p>Call &nbsp;&nbsp;&nbsp;&nbsp;&nbsp;&nbsp;&nbsp;&nbsp;Because Romania still has people of worth \u200b\u200band because these people must be respected and known &#8211; both within the borders and abroad &#8211; the &#8220;Doina Cornea&#8221; Foundation, together with other prominent Romanian personalities from literary and cultural life, at the initiative of Mr. Gabriel Cojocaru, proposes and supports the candidacy of Mrs. Ana [&hellip;]<\/p>\n","protected":false},"author":1,"featured_media":0,"parent":0,"menu_order":0,"comment_status":"closed","ping_status":"closed","template":"","meta":[],"builder_content":"<img loading=\"lazy\" width=\"2667\" height=\"834\" src=\"data:image\/svg+xml;base64,PHN2ZyB2aWV3Qm94PSIwIDAgMjY2NyA4MzQiIHdpZHRoPSIyNjY3IiBoZWlnaHQ9IjgzNCIgZGF0YS11PSJodHRwcyUzQSUyRiUyRmVkaXR1cmEtZG9pbmFjb3JuZWEucm8lMkZ3cC1jb250ZW50JTJGdXBsb2FkcyUyRjIwMjAlMkYwNSUyRkJhbm5lci1BbmEtQmxhbmRpYW5hLTIucG5nIiBkYXRhLXc9IjI2NjciIGRhdGEtaD0iODM0IiB4bWxucz0iaHR0cDovL3d3dy53My5vcmcvMjAwMC9zdmciPjwvc3ZnPg==\" data-spai=\"1\" title=\"Banner Ana Blandiana\" alt=\"Banner Ana Blandiana\"   sizes=\"(max-width: 2667px) 100vw, 2667px\" \/>\n<a href=\"https:\/\/editura-doinacornea.ro\/index.php\/formular-sustinere\/\" > Semneaz\u0103 \u0219i tu! <\/a>","_links":{"self":[{"href":"https:\/\/editura-doinacornea.ro\/index.php\/wp-json\/wp\/v2\/pages\/3598"}],"collection":[{"href":"https:\/\/editura-doinacornea.ro\/index.php\/wp-json\/wp\/v2\/pages"}],"about":[{"href":"https:\/\/editura-doinacornea.ro\/index.php\/wp-json\/wp\/v2\/types\/page"}],"author":[{"embeddable":true,"href":"https:\/\/editura-doinacornea.ro\/index.php\/wp-json\/wp\/v2\/users\/1"}],"replies":[{"embeddable":true,"href":"https:\/\/editura-doinacornea.ro\/index.php\/wp-json\/wp\/v2\/comments?post=3598"}],"version-history":[{"count":5,"href":"https:\/\/editura-doinacornea.ro\/index.php\/wp-json\/wp\/v2\/pages\/3598\/revisions"}],"predecessor-version":[{"id":3618,"href":"https:\/\/editura-doinacornea.ro\/index.php\/wp-json\/wp\/v2\/pages\/3598\/revisions\/3618"}],"wp:attachment":[{"href":"https:\/\/editura-doinacornea.ro\/index.php\/wp-json\/wp\/v2\/media?parent=3598"}],"curies":[{"name":"wp","href":"https:\/\/api.w.org\/{rel}","templated":true}]}}