{"id":4118,"date":"2022-06-07T07:10:12","date_gmt":"2022-06-07T07:10:12","guid":{"rendered":"https:\/\/editura-doinacornea.ro\/?post_type=product&#038;p=4118"},"modified":"2024-02-07T23:09:25","modified_gmt":"2024-02-07T23:09:25","slug":"album-trans-paysage","status":"publish","type":"product","link":"https:\/\/editura-doinacornea.ro\/index.php\/product\/album-trans-paysage\/","title":{"rendered":"Album TRANS-PAYSAGE"},"content":{"rendered":"<!--themify_builder_content-->\n<div id=\"themify_builder_content-4118\" data-postid=\"4118\" class=\"themify_builder_content themify_builder_content-4118 themify_builder tf_clear\">\n    <\/div>\n<!--\/themify_builder_content-->\n","protected":false},"excerpt":{"rendered":"<p><img loading=\"lazy\" class=\"wp-image-4093 aligncenter\" src=\"https:\/\/editura-doinacornea.ro\/wp-content\/uploads\/2021\/07\/SIGLA-EDITURA-Doina-Cornea-x.png\" alt=\"\" width=\"406\" height=\"102\" srcset=\"https:\/\/editura-doinacornea.ro\/wp-content\/uploads\/2021\/07\/SIGLA-EDITURA-Doina-Cornea-x.png 489w, https:\/\/editura-doinacornea.ro\/wp-content\/uploads\/2021\/07\/SIGLA-EDITURA-Doina-Cornea-x-300x75.png 300w\" sizes=\"(max-width: 406px) 100vw, 406px\" \/><\/p>\n<p>&nbsp;<\/p>\n<p>Trans-paysage este Transilvania v\u0103zut\u0103 prin fuga obiectivului aparatului de fotografiat. Este, de fapt, Transilvania v\u0103zut\u0103 prin ochii de artist ai lui Feleki Istv\u00e1n &#8211; fotograful Muzeului de Art\u0103 din Cluj-Napoca \u015fi cadru didactic la Facultatea de Teatru \u0219i Film a Universit\u0103\u021bii Babe\u0219-Bolyai din Cluj-Napoca.<\/p>\n<p>Feleki Istv\u00e1n ne demonstreaz\u0103 c\u0103 el poate surprinde \u00een lumea \u00een continu\u0103 mi\u015fcare \u00een care tr\u0103im reperele \u2013 mai bune sau mai rele, mai frumoase sau mai ur\u00e2te \u2013 la care s\u0103 ne putem raporta. El ni le scoate doar din tumultul care ne \u00eenconjoar\u0103, f\u0103r\u0103 s\u0103 le aleag\u0103, f\u0103r\u0103 s\u0103 ni le denumeasc\u0103, f\u0103r\u0103 s\u0103 ni le explice. Ne las\u0103 pe noi s\u0103 le descoperim.<\/p>\n","protected":false},"featured_media":4119,"comment_status":"open","ping_status":"closed","template":"","meta":[],"product_cat":[31],"product_tag":[],"builder_content":"","_links":{"self":[{"href":"https:\/\/editura-doinacornea.ro\/index.php\/wp-json\/wp\/v2\/product\/4118"}],"collection":[{"href":"https:\/\/editura-doinacornea.ro\/index.php\/wp-json\/wp\/v2\/product"}],"about":[{"href":"https:\/\/editura-doinacornea.ro\/index.php\/wp-json\/wp\/v2\/types\/product"}],"replies":[{"embeddable":true,"href":"https:\/\/editura-doinacornea.ro\/index.php\/wp-json\/wp\/v2\/comments?post=4118"}],"wp:featuredmedia":[{"embeddable":true,"href":"https:\/\/editura-doinacornea.ro\/index.php\/wp-json\/wp\/v2\/media\/4119"}],"wp:attachment":[{"href":"https:\/\/editura-doinacornea.ro\/index.php\/wp-json\/wp\/v2\/media?parent=4118"}],"wp:term":[{"taxonomy":"product_cat","embeddable":true,"href":"https:\/\/editura-doinacornea.ro\/index.php\/wp-json\/wp\/v2\/product_cat?post=4118"},{"taxonomy":"product_tag","embeddable":true,"href":"https:\/\/editura-doinacornea.ro\/index.php\/wp-json\/wp\/v2\/product_tag?post=4118"}],"curies":[{"name":"wp","href":"https:\/\/api.w.org\/{rel}","templated":true}]}}